{"id":8995,"date":"2021-11-25T19:43:02","date_gmt":"2021-11-25T19:43:02","guid":{"rendered":"https:\/\/www.laisladelamariposa.com\/?post_type=product&#038;p=8995"},"modified":"2026-04-30T15:58:42","modified_gmt":"2026-04-30T15:58:42","slug":"cartel-con-nombre","status":"publish","type":"product","link":"https:\/\/www.laisladelamariposa.com\/?product=cartel-con-nombre","title":{"rendered":"Cartel con nombre"},"content":{"rendered":"<p>\u00bfQuieres dar un toque \u00fanico y personal a las habitaciones de la casa?<\/p>\n<p>Este cartel de madera pintado a mano y personalizado con el nombre es una idea con mucho encanto.<\/p>\n<p>Combina tu nombre o el de las personas que m\u00e1s quieres con colores vibrantes y dise\u00f1os pintados a mano&#8230; \u00a1Totalmente personalizables en color, tipograf\u00eda y motivo!<\/p>\n<p>Tambi\u00e9n podemos personalizarlos para diferentes profesiones (profes, m\u00e9dicos, psic\u00f3logos, fisios&#8230;) y aficiones.<\/p>\n<p>Perfectos para regalos de reci\u00e9n nacido, comuni\u00f3n, cumplea\u00f1os, Reyes Magos o simplemente por capricho. Crea un espacio diferente, y convierte tu casa en tu HOGAR con La Isla de La Mariposa.<\/p>\n<p>Los cartelitos con nombre se pueden hacer en <strong>tres tama\u00f1os<\/strong>:<\/p>\n<ul>\n<li>Peque\u00f1o: 20 x 14 cm<\/li>\n<li>Mediano: 24,5 x 17 cm<\/li>\n<li>Grande: 27,5 x 19 cm<\/li>\n<\/ul>\n<p>El <strong>precio<\/strong> por tama\u00f1os es el siguiente:<\/p>\n<ul>\n<li>Peque\u00f1o: 12\u20ac<\/li>\n<li>Mediano: 15\u20ac<\/li>\n<li>Grande: 18\u20ac<\/li>\n<\/ul>\n<p>*Si quieres que pintemos el cartel con nombre a doble cara, tendr\u00e1 un suplemento de 6\u20ac<\/p>\n<p>*Si quieres que a\u00f1adamos a tu cartel una cuerdecita para colgarlo&#8230;\u00a1p\u00eddenoslo!<\/p>\n","protected":false},"excerpt":{"rendered":"<p>\u00bfQuieres dar un toque \u00fanico y personal a las habitaciones de la casa? Este cartel de madera pintado a mano y personalizado con el nombre es una idea con mucho encanto. Combina tu nombre o el de las personas que m\u00e1s quieres con colores vibrantes y dise\u00f1os pintados a mano&#8230; \u00a1Totalmente personalizables en color, tipograf\u00eda<a class=\"more-link\" href=\"https:\/\/www.laisladelamariposa.com\/?product=cartel-con-nombre\">Ver m\u00e1s  &#10230;<\/a><\/p>\n","protected":false},"featured_media":8996,"comment_status":"open","ping_status":"closed","template":"","meta":{"_editorskit_title_hidden":false,"_editorskit_reading_time":0,"_editorskit_is_block_options_detached":false,"_editorskit_block_options_position":"{}","_crdt_document":""},"product_brand":[],"product_cat":[70],"product_tag":[],"class_list":{"0":"post-8995","1":"product","2":"type-product","3":"status-publish","4":"has-post-thumbnail","6":"product_cat-carteles-con-nombre","8":"first","9":"instock","10":"shipping-taxable","11":"purchasable","12":"product-type-simple"},"yoast_head":"<!-- This site is optimized with the Yoast SEO plugin v27.5 - https:\/\/yoast.com\/product\/yoast-seo-wordpress\/ -->\n<title>Cartel con nombre - La Isla de la Mariposa<\/title>\n<meta name=\"robots\" content=\"index, follow, max-snippet:-1, max-image-preview:large, max-video-preview:-1\" \/>\n<link rel=\"canonical\" href=\"https:\/\/www.laisladelamariposa.com\/?product=cartel-con-nombre\" \/>\n<meta property=\"og:locale\" content=\"es_ES\" \/>\n<meta property=\"og:type\" content=\"article\" \/>\n<meta property=\"og:title\" content=\"Cartel con nombre - La Isla de la Mariposa\" \/>\n<meta property=\"og:description\" content=\"\u00bfQuieres dar un toque \u00fanico y personal a las habitaciones de la casa? Este cartel de madera pintado a mano y personalizado con el nombre es una idea con mucho encanto. Combina tu nombre o el de las personas que m\u00e1s quieres con colores vibrantes y dise\u00f1os pintados a mano&#8230; \u00a1Totalmente personalizables en color, tipograf\u00edaVer m\u00e1s &#10230;\" \/>\n<meta property=\"og:url\" content=\"https:\/\/www.laisladelamariposa.com\/?product=cartel-con-nombre\" \/>\n<meta property=\"og:site_name\" content=\"La Isla de la Mariposa\" \/>\n<meta property=\"article:modified_time\" content=\"2026-04-30T15:58:42+00:00\" \/>\n<meta property=\"og:image\" content=\"https:\/\/www.laisladelamariposa.com\/wp-content\/uploads\/2021\/11\/138Cartelitostamanosl.jpg\" \/>\n\t<meta property=\"og:image:width\" content=\"1080\" \/>\n\t<meta property=\"og:image:height\" content=\"720\" \/>\n\t<meta property=\"og:image:type\" content=\"image\/jpeg\" \/>\n<meta name=\"twitter:card\" content=\"summary_large_image\" \/>\n<meta name=\"twitter:label1\" content=\"Tiempo de lectura\" \/>\n\t<meta name=\"twitter:data1\" content=\"1 minuto\" \/>\n<script type=\"application\/ld+json\" class=\"yoast-schema-graph\">{\"@context\":\"https:\\\/\\\/schema.org\",\"@graph\":[{\"@type\":\"WebPage\",\"@id\":\"https:\\\/\\\/www.laisladelamariposa.com\\\/?product=cartel-con-nombre\",\"url\":\"https:\\\/\\\/www.laisladelamariposa.com\\\/?product=cartel-con-nombre\",\"name\":\"Cartel con nombre - La Isla de la Mariposa\",\"isPartOf\":{\"@id\":\"https:\\\/\\\/www.laisladelamariposa.com\\\/#website\"},\"primaryImageOfPage\":{\"@id\":\"https:\\\/\\\/www.laisladelamariposa.com\\\/?product=cartel-con-nombre#primaryimage\"},\"image\":{\"@id\":\"https:\\\/\\\/www.laisladelamariposa.com\\\/?product=cartel-con-nombre#primaryimage\"},\"thumbnailUrl\":\"https:\\\/\\\/www.laisladelamariposa.com\\\/wp-content\\\/uploads\\\/2021\\\/11\\\/138Cartelitostamanosl.jpg\",\"datePublished\":\"2021-11-25T19:43:02+00:00\",\"dateModified\":\"2026-04-30T15:58:42+00:00\",\"breadcrumb\":{\"@id\":\"https:\\\/\\\/www.laisladelamariposa.com\\\/?product=cartel-con-nombre#breadcrumb\"},\"inLanguage\":\"es\",\"potentialAction\":[{\"@type\":\"ReadAction\",\"target\":[\"https:\\\/\\\/www.laisladelamariposa.com\\\/?product=cartel-con-nombre\"]}]},{\"@type\":\"ImageObject\",\"inLanguage\":\"es\",\"@id\":\"https:\\\/\\\/www.laisladelamariposa.com\\\/?product=cartel-con-nombre#primaryimage\",\"url\":\"https:\\\/\\\/www.laisladelamariposa.com\\\/wp-content\\\/uploads\\\/2021\\\/11\\\/138Cartelitostamanosl.jpg\",\"contentUrl\":\"https:\\\/\\\/www.laisladelamariposa.com\\\/wp-content\\\/uploads\\\/2021\\\/11\\\/138Cartelitostamanosl.jpg\",\"width\":1080,\"height\":720},{\"@type\":\"BreadcrumbList\",\"@id\":\"https:\\\/\\\/www.laisladelamariposa.com\\\/?product=cartel-con-nombre#breadcrumb\",\"itemListElement\":[{\"@type\":\"ListItem\",\"position\":1,\"name\":\"Portada\",\"item\":\"https:\\\/\\\/www.laisladelamariposa.com\\\/\"},{\"@type\":\"ListItem\",\"position\":2,\"name\":\"Shop\",\"item\":\"https:\\\/\\\/www.laisladelamariposa.com\\\/?page_id=1712\"},{\"@type\":\"ListItem\",\"position\":3,\"name\":\"Cartel con nombre\"}]},{\"@type\":\"WebSite\",\"@id\":\"https:\\\/\\\/www.laisladelamariposa.com\\\/#website\",\"url\":\"https:\\\/\\\/www.laisladelamariposa.com\\\/\",\"name\":\"La Isla de la Mariposa\",\"description\":\"Rinconcito de arte, dise\u00f1o y artesan\u00eda.\",\"publisher\":{\"@id\":\"https:\\\/\\\/www.laisladelamariposa.com\\\/#organization\"},\"potentialAction\":[{\"@type\":\"SearchAction\",\"target\":{\"@type\":\"EntryPoint\",\"urlTemplate\":\"https:\\\/\\\/www.laisladelamariposa.com\\\/?s={search_term_string}\"},\"query-input\":{\"@type\":\"PropertyValueSpecification\",\"valueRequired\":true,\"valueName\":\"search_term_string\"}}],\"inLanguage\":\"es\"},{\"@type\":\"Organization\",\"@id\":\"https:\\\/\\\/www.laisladelamariposa.com\\\/#organization\",\"name\":\"La Isla de la Mariposa\",\"url\":\"https:\\\/\\\/www.laisladelamariposa.com\\\/\",\"logo\":{\"@type\":\"ImageObject\",\"inLanguage\":\"es\",\"@id\":\"https:\\\/\\\/www.laisladelamariposa.com\\\/#\\\/schema\\\/logo\\\/image\\\/\",\"url\":\"https:\\\/\\\/www.laisladelamariposa.com\\\/wp-content\\\/uploads\\\/2021\\\/12\\\/LOGO-FONDO-BLANCO.png\",\"contentUrl\":\"https:\\\/\\\/www.laisladelamariposa.com\\\/wp-content\\\/uploads\\\/2021\\\/12\\\/LOGO-FONDO-BLANCO.png\",\"width\":422,\"height\":422,\"caption\":\"La Isla de la Mariposa\"},\"image\":{\"@id\":\"https:\\\/\\\/www.laisladelamariposa.com\\\/#\\\/schema\\\/logo\\\/image\\\/\"}}]}<\/script>\n<!-- \/ Yoast SEO plugin. -->","yoast_head_json":{"title":"Cartel con nombre - La Isla de la Mariposa","robots":{"index":"index","follow":"follow","max-snippet":"max-snippet:-1","max-image-preview":"max-image-preview:large","max-video-preview":"max-video-preview:-1"},"canonical":"https:\/\/www.laisladelamariposa.com\/?product=cartel-con-nombre","og_locale":"es_ES","og_type":"article","og_title":"Cartel con nombre - La Isla de la Mariposa","og_description":"\u00bfQuieres dar un toque \u00fanico y personal a las habitaciones de la casa? Este cartel de madera pintado a mano y personalizado con el nombre es una idea con mucho encanto. Combina tu nombre o el de las personas que m\u00e1s quieres con colores vibrantes y dise\u00f1os pintados a mano&#8230; \u00a1Totalmente personalizables en color, tipograf\u00edaVer m\u00e1s &#10230;","og_url":"https:\/\/www.laisladelamariposa.com\/?product=cartel-con-nombre","og_site_name":"La Isla de la Mariposa","article_modified_time":"2026-04-30T15:58:42+00:00","og_image":[{"width":1080,"height":720,"url":"https:\/\/www.laisladelamariposa.com\/wp-content\/uploads\/2021\/11\/138Cartelitostamanosl.jpg","type":"image\/jpeg"}],"twitter_card":"summary_large_image","twitter_misc":{"Tiempo de lectura":"1 minuto"},"schema":{"@context":"https:\/\/schema.org","@graph":[{"@type":"WebPage","@id":"https:\/\/www.laisladelamariposa.com\/?product=cartel-con-nombre","url":"https:\/\/www.laisladelamariposa.com\/?product=cartel-con-nombre","name":"Cartel con nombre - La Isla de la Mariposa","isPartOf":{"@id":"https:\/\/www.laisladelamariposa.com\/#website"},"primaryImageOfPage":{"@id":"https:\/\/www.laisladelamariposa.com\/?product=cartel-con-nombre#primaryimage"},"image":{"@id":"https:\/\/www.laisladelamariposa.com\/?product=cartel-con-nombre#primaryimage"},"thumbnailUrl":"https:\/\/www.laisladelamariposa.com\/wp-content\/uploads\/2021\/11\/138Cartelitostamanosl.jpg","datePublished":"2021-11-25T19:43:02+00:00","dateModified":"2026-04-30T15:58:42+00:00","breadcrumb":{"@id":"https:\/\/www.laisladelamariposa.com\/?product=cartel-con-nombre#breadcrumb"},"inLanguage":"es","potentialAction":[{"@type":"ReadAction","target":["https:\/\/www.laisladelamariposa.com\/?product=cartel-con-nombre"]}]},{"@type":"ImageObject","inLanguage":"es","@id":"https:\/\/www.laisladelamariposa.com\/?product=cartel-con-nombre#primaryimage","url":"https:\/\/www.laisladelamariposa.com\/wp-content\/uploads\/2021\/11\/138Cartelitostamanosl.jpg","contentUrl":"https:\/\/www.laisladelamariposa.com\/wp-content\/uploads\/2021\/11\/138Cartelitostamanosl.jpg","width":1080,"height":720},{"@type":"BreadcrumbList","@id":"https:\/\/www.laisladelamariposa.com\/?product=cartel-con-nombre#breadcrumb","itemListElement":[{"@type":"ListItem","position":1,"name":"Portada","item":"https:\/\/www.laisladelamariposa.com\/"},{"@type":"ListItem","position":2,"name":"Shop","item":"https:\/\/www.laisladelamariposa.com\/?page_id=1712"},{"@type":"ListItem","position":3,"name":"Cartel con nombre"}]},{"@type":"WebSite","@id":"https:\/\/www.laisladelamariposa.com\/#website","url":"https:\/\/www.laisladelamariposa.com\/","name":"La Isla de la Mariposa","description":"Rinconcito de arte, dise\u00f1o y artesan\u00eda.","publisher":{"@id":"https:\/\/www.laisladelamariposa.com\/#organization"},"potentialAction":[{"@type":"SearchAction","target":{"@type":"EntryPoint","urlTemplate":"https:\/\/www.laisladelamariposa.com\/?s={search_term_string}"},"query-input":{"@type":"PropertyValueSpecification","valueRequired":true,"valueName":"search_term_string"}}],"inLanguage":"es"},{"@type":"Organization","@id":"https:\/\/www.laisladelamariposa.com\/#organization","name":"La Isla de la Mariposa","url":"https:\/\/www.laisladelamariposa.com\/","logo":{"@type":"ImageObject","inLanguage":"es","@id":"https:\/\/www.laisladelamariposa.com\/#\/schema\/logo\/image\/","url":"https:\/\/www.laisladelamariposa.com\/wp-content\/uploads\/2021\/12\/LOGO-FONDO-BLANCO.png","contentUrl":"https:\/\/www.laisladelamariposa.com\/wp-content\/uploads\/2021\/12\/LOGO-FONDO-BLANCO.png","width":422,"height":422,"caption":"La Isla de la Mariposa"},"image":{"@id":"https:\/\/www.laisladelamariposa.com\/#\/schema\/logo\/image\/"}}]}},"_links":{"self":[{"href":"https:\/\/www.laisladelamariposa.com\/index.php?rest_route=\/wp\/v2\/product\/8995","targetHints":{"allow":["GET"]}}],"collection":[{"href":"https:\/\/www.laisladelamariposa.com\/index.php?rest_route=\/wp\/v2\/product"}],"about":[{"href":"https:\/\/www.laisladelamariposa.com\/index.php?rest_route=\/wp\/v2\/types\/product"}],"replies":[{"embeddable":true,"href":"https:\/\/www.laisladelamariposa.com\/index.php?rest_route=%2Fwp%2Fv2%2Fcomments&post=8995"}],"wp:featuredmedia":[{"embeddable":true,"href":"https:\/\/www.laisladelamariposa.com\/index.php?rest_route=\/wp\/v2\/media\/8996"}],"wp:attachment":[{"href":"https:\/\/www.laisladelamariposa.com\/index.php?rest_route=%2Fwp%2Fv2%2Fmedia&parent=8995"}],"wp:term":[{"taxonomy":"product_brand","embeddable":true,"href":"https:\/\/www.laisladelamariposa.com\/index.php?rest_route=%2Fwp%2Fv2%2Fproduct_brand&post=8995"},{"taxonomy":"product_cat","embeddable":true,"href":"https:\/\/www.laisladelamariposa.com\/index.php?rest_route=%2Fwp%2Fv2%2Fproduct_cat&post=8995"},{"taxonomy":"product_tag","embeddable":true,"href":"https:\/\/www.laisladelamariposa.com\/index.php?rest_route=%2Fwp%2Fv2%2Fproduct_tag&post=8995"}],"curies":[{"name":"wp","href":"https:\/\/api.w.org\/{rel}","templated":true}]}}

<p>¿Quieres dar un toque único y personal a las habitaciones de la casa?</p>
<p>Este cartel de madera pintado a mano y personalizado con el nombre es una idea con mucho encanto.</p>
<p>Combina tu nombre o el de las personas que más quieres con colores vibrantes y diseños pintados a mano&#8230; ¡Totalmente personalizables en color, tipografía y motivo!</p>
<p>También podemos personalizarlos para diferentes profesiones (profes, médicos, psicólogos, fisios&#8230;) y aficiones.</p>
<p>Perfectos para regalos de recién nacido, comunión, cumpleaños, Reyes Magos o simplemente por capricho. Crea un espacio diferente, y convierte tu casa en tu HOGAR con La Isla de La Mariposa.</p>
<p>Los cartelitos con nombre se pueden hacer en <strong>tres tamaños</strong>:</p>
<ul>
<li>Pequeño: 20 x 14 cm</li>
<li>Mediano: 24,5 x 17 cm</li>
<li>Grande: 27,5 x 19 cm</li>
</ul>
<p>El <strong>precio</strong> por tamaños es el siguiente:</p>
<ul>
<li>Pequeño: 12€</li>
<li>Mediano: 15€</li>
<li>Grande: 18€</li>
</ul>
<p>*Si quieres que pintemos el cartel con nombre a doble cara, tendrá un suplemento de 6€</p>
<p>*Si quieres que añadamos a tu cartel una cuerdecita para colgarlo&#8230;¡pídenoslo!</p>

<p>¿Quieres dar un toque único y personal a las habitaciones de la casa? Este cartel de madera pintado a mano y personalizado con el nombre es una idea con mucho encanto. Combina tu nombre o el de las personas que más quieres con colores vibrantes y diseños pintados a mano&#8230; ¡Totalmente personalizables en color, tipografía<a class="more-link" href="https://www.laisladelamariposa.com/?product=cartel-con-nombre">Ver más  &#10230;</a></p>

<!-- This site is optimized with the Yoast SEO plugin v27.5 - https://yoast.com/product/yoast-seo-wordpress/ -->
<title>Cartel con nombre - La Isla de la Mariposa</title>
<meta name="robots" content="index, follow, max-snippet:-1, max-image-preview:large, max-video-preview:-1" />
<link rel="canonical" href="https://www.laisladelamariposa.com/?product=cartel-con-nombre" />
<meta property="og:locale" content="es_ES" />
<meta property="og:type" content="article" />
<meta property="og:title" content="Cartel con nombre - La Isla de la Mariposa" />
<meta property="og:description" content="¿Quieres dar un toque único y personal a las habitaciones de la casa? Este cartel de madera pintado a mano y personalizado con el nombre es una idea con mucho encanto. Combina tu nombre o el de las personas que más quieres con colores vibrantes y diseños pintados a mano&#8230; ¡Totalmente personalizables en color, tipografíaVer más &#10230;" />
<meta property="og:url" content="https://www.laisladelamariposa.com/?product=cartel-con-nombre" />
<meta property="og:site_name" content="La Isla de la Mariposa" />
<meta property="article:modified_time" content="2026-04-30T15:58:42+00:00" />
<meta property="og:image" content="https://www.laisladelamariposa.com/wp-content/uploads/2021/11/138Cartelitostamanosl.jpg" />
	<meta property="og:image:width" content="1080" />
	<meta property="og:image:height" content="720" />
	<meta property="og:image:type" content="image/jpeg" />
<meta name="twitter:card" content="summary_large_image" />
<meta name="twitter:label1" content="Tiempo de lectura" />
	<meta name="twitter:data1" content="1 minuto" />
<script type="application/ld+json" class="yoast-schema-graph">{"@context":"https:\/\/schema.org","@graph":[{"@type":"WebPage","@id":"https:\/\/www.laisladelamariposa.com\/?product=cartel-con-nombre","url":"https:\/\/www.laisladelamariposa.com\/?product=cartel-con-nombre","name":"Cartel con nombre - La Isla de la Mariposa","isPartOf":{"@id":"https:\/\/www.laisladelamariposa.com\/#website"},"primaryImageOfPage":{"@id":"https:\/\/www.laisladelamariposa.com\/?product=cartel-con-nombre#primaryimage"},"image":{"@id":"https:\/\/www.laisladelamariposa.com\/?product=cartel-con-nombre#primaryimage"},"thumbnailUrl":"https:\/\/www.laisladelamariposa.com\/wp-content\/uploads\/2021\/11\/138Cartelitostamanosl.jpg","datePublished":"2021-11-25T19:43:02+00:00","dateModified":"2026-04-30T15:58:42+00:00","breadcrumb":{"@id":"https:\/\/www.laisladelamariposa.com\/?product=cartel-con-nombre#breadcrumb"},"inLanguage":"es","potentialAction":[{"@type":"ReadAction","target":["https:\/\/www.laisladelamariposa.com\/?product=cartel-con-nombre"]}]},{"@type":"ImageObject","inLanguage":"es","@id":"https:\/\/www.laisladelamariposa.com\/?product=cartel-con-nombre#primaryimage","url":"https:\/\/www.laisladelamariposa.com\/wp-content\/uploads\/2021\/11\/138Cartelitostamanosl.jpg","contentUrl":"https:\/\/www.laisladelamariposa.com\/wp-content\/uploads\/2021\/11\/138Cartelitostamanosl.jpg","width":1080,"height":720},{"@type":"BreadcrumbList","@id":"https:\/\/www.laisladelamariposa.com\/?product=cartel-con-nombre#breadcrumb","itemListElement":[{"@type":"ListItem","position":1,"name":"Portada","item":"https:\/\/www.laisladelamariposa.com\/"},{"@type":"ListItem","position":2,"name":"Shop","item":"https:\/\/www.laisladelamariposa.com\/?page_id=1712"},{"@type":"ListItem","position":3,"name":"Cartel con nombre"}]},{"@type":"WebSite","@id":"https:\/\/www.laisladelamariposa.com\/#website","url":"https:\/\/www.laisladelamariposa.com\/","name":"La Isla de la Mariposa","description":"Rinconcito de arte, diseño y artesanía.","publisher":{"@id":"https:\/\/www.laisladelamariposa.com\/#organization"},"potentialAction":[{"@type":"SearchAction","target":{"@type":"EntryPoint","urlTemplate":"https:\/\/www.laisladelamariposa.com\/?s={search_term_string}"},"query-input":{"@type":"PropertyValueSpecification","valueRequired":true,"valueName":"search_term_string"}}],"inLanguage":"es"},{"@type":"Organization","@id":"https:\/\/www.laisladelamariposa.com\/#organization","name":"La Isla de la Mariposa","url":"https:\/\/www.laisladelamariposa.com\/","logo":{"@type":"ImageObject","inLanguage":"es","@id":"https:\/\/www.laisladelamariposa.com\/#\/schema\/logo\/image\/","url":"https:\/\/www.laisladelamariposa.com\/wp-content\/uploads\/2021\/12\/LOGO-FONDO-BLANCO.png","contentUrl":"https:\/\/www.laisladelamariposa.com\/wp-content\/uploads\/2021\/12\/LOGO-FONDO-BLANCO.png","width":422,"height":422,"caption":"La Isla de la Mariposa"},"image":{"@id":"https:\/\/www.laisladelamariposa.com\/#\/schema\/logo\/image\/"}}]}</script>
<!-- / Yoast SEO plugin. -->

¿Quieres dar un toque único y personal a las habitaciones de la casa? Este cartel de madera pintado a mano y personalizado con el nombre es una idea con mucho encanto. Combina tu nombre o el de las personas que más quieres con colores vibrantes y diseños pintados a mano&#8230; ¡Totalmente personalizables en color, tipografíaVer más &#10230;

Rinconcito de arte, diseño y artesanía.
