{"id":9148,"date":"2021-12-04T11:21:43","date_gmt":"2021-12-04T11:21:43","guid":{"rendered":"https:\/\/www.laisladelamariposa.com\/?post_type=product&#038;p=9148"},"modified":"2026-04-02T19:00:47","modified_gmt":"2026-04-02T19:00:47","slug":"banquitos-de-meditacion","status":"publish","type":"product","link":"https:\/\/www.laisladelamariposa.com\/?product=banquitos-de-meditacion","title":{"rendered":"Banquitos de meditaci\u00f3n"},"content":{"rendered":"<p>Banquitos de meditaci\u00f3n de madera, hechos a mano. Ideales para rezar, meditar, o para tener un asiento c\u00f3modo en momentos de reflexi\u00f3n.<\/p>\n<p>Tenemos dos <strong>posibilidades<\/strong>:<\/p>\n<ul>\n<li>Banquito normal: 25\u20ac<\/li>\n<li>Banquito plegable: 30\u20ac<\/li>\n<\/ul>\n<p>Tambi\u00e9n podemos decorarlos de manera personalizada. \u00a1S\u00f3lo cu\u00e9ntanos tu idea y la haremos realidad!<\/p>\n<p>El precio de los <strong>banquitos decorados<\/strong> es:<\/p>\n<ul>\n<li>Banquito normal: 30\u20ac<\/li>\n<li>Banquito plegable: 35\u20ac<\/li>\n<\/ul>\n<p>La <strong>bolsita<\/strong> hecha a mano <strong>para guardar el banco<\/strong> de meditaci\u00f3n no est\u00e1 incluida, y su precio es de 5\u20ac.<\/p>\n","protected":false},"excerpt":{"rendered":"<p>Banquitos de meditaci\u00f3n de madera, hechos a mano. Ideales para rezar, meditar, o para tener un asiento c\u00f3modo en momentos de reflexi\u00f3n. Tenemos dos posibilidades: Banquito normal: 25\u20ac Banquito plegable: 30\u20ac Tambi\u00e9n podemos decorarlos de manera personalizada. \u00a1S\u00f3lo cu\u00e9ntanos tu idea y la haremos realidad! El precio de los banquitos decorados es: Banquito normal: 30\u20ac<a class=\"more-link\" href=\"https:\/\/www.laisladelamariposa.com\/?product=banquitos-de-meditacion\">Ver m\u00e1s  &#10230;<\/a><\/p>\n","protected":false},"featured_media":9285,"comment_status":"open","ping_status":"closed","template":"","meta":{"_editorskit_title_hidden":false,"_editorskit_reading_time":0,"_editorskit_is_block_options_detached":false,"_editorskit_block_options_position":"{}","_crdt_document":""},"product_brand":[],"product_cat":[557,537],"product_tag":[],"class_list":{"0":"post-9148","1":"product","2":"type-product","3":"status-publish","4":"has-post-thumbnail","6":"product_cat-medirez","7":"product_cat-religioso","9":"first","10":"instock","11":"shipping-taxable","12":"purchasable","13":"product-type-simple"},"yoast_head":"<!-- This site is optimized with the Yoast SEO plugin v27.5 - https:\/\/yoast.com\/product\/yoast-seo-wordpress\/ -->\n<title>Banquitos de meditaci\u00f3n - La Isla de la Mariposa<\/title>\n<meta name=\"robots\" content=\"index, follow, max-snippet:-1, max-image-preview:large, max-video-preview:-1\" \/>\n<link rel=\"canonical\" href=\"https:\/\/www.laisladelamariposa.com\/?product=banquitos-de-meditacion\" \/>\n<meta property=\"og:locale\" content=\"es_ES\" \/>\n<meta property=\"og:type\" content=\"article\" \/>\n<meta property=\"og:title\" content=\"Banquitos de meditaci\u00f3n - La Isla de la Mariposa\" \/>\n<meta property=\"og:description\" content=\"Banquitos de meditaci\u00f3n de madera, hechos a mano. Ideales para rezar, meditar, o para tener un asiento c\u00f3modo en momentos de reflexi\u00f3n. Tenemos dos posibilidades: Banquito normal: 25\u20ac Banquito plegable: 30\u20ac Tambi\u00e9n podemos decorarlos de manera personalizada. \u00a1S\u00f3lo cu\u00e9ntanos tu idea y la haremos realidad! El precio de los banquitos decorados es: Banquito normal: 30\u20acVer m\u00e1s &#10230;\" \/>\n<meta property=\"og:url\" content=\"https:\/\/www.laisladelamariposa.com\/?product=banquitos-de-meditacion\" \/>\n<meta property=\"og:site_name\" content=\"La Isla de la Mariposa\" \/>\n<meta property=\"article:modified_time\" content=\"2026-04-02T19:00:47+00:00\" \/>\n<meta property=\"og:image\" content=\"https:\/\/www.laisladelamariposa.com\/wp-content\/uploads\/2021\/12\/Bancomeditacionfijologo.jpg\" \/>\n\t<meta property=\"og:image:width\" content=\"1000\" \/>\n\t<meta property=\"og:image:height\" content=\"666\" \/>\n\t<meta property=\"og:image:type\" content=\"image\/jpeg\" \/>\n<meta name=\"twitter:card\" content=\"summary_large_image\" \/>\n<meta name=\"twitter:label1\" content=\"Tiempo de lectura\" \/>\n\t<meta name=\"twitter:data1\" content=\"1 minuto\" \/>\n<script type=\"application\/ld+json\" class=\"yoast-schema-graph\">{\"@context\":\"https:\\\/\\\/schema.org\",\"@graph\":[{\"@type\":\"WebPage\",\"@id\":\"https:\\\/\\\/www.laisladelamariposa.com\\\/?product=banquitos-de-meditacion\",\"url\":\"https:\\\/\\\/www.laisladelamariposa.com\\\/?product=banquitos-de-meditacion\",\"name\":\"Banquitos de meditaci\u00f3n - La Isla de la Mariposa\",\"isPartOf\":{\"@id\":\"https:\\\/\\\/www.laisladelamariposa.com\\\/#website\"},\"primaryImageOfPage\":{\"@id\":\"https:\\\/\\\/www.laisladelamariposa.com\\\/?product=banquitos-de-meditacion#primaryimage\"},\"image\":{\"@id\":\"https:\\\/\\\/www.laisladelamariposa.com\\\/?product=banquitos-de-meditacion#primaryimage\"},\"thumbnailUrl\":\"https:\\\/\\\/www.laisladelamariposa.com\\\/wp-content\\\/uploads\\\/2021\\\/12\\\/Bancomeditacionfijologo.jpg\",\"datePublished\":\"2021-12-04T11:21:43+00:00\",\"dateModified\":\"2026-04-02T19:00:47+00:00\",\"breadcrumb\":{\"@id\":\"https:\\\/\\\/www.laisladelamariposa.com\\\/?product=banquitos-de-meditacion#breadcrumb\"},\"inLanguage\":\"es\",\"potentialAction\":[{\"@type\":\"ReadAction\",\"target\":[\"https:\\\/\\\/www.laisladelamariposa.com\\\/?product=banquitos-de-meditacion\"]}]},{\"@type\":\"ImageObject\",\"inLanguage\":\"es\",\"@id\":\"https:\\\/\\\/www.laisladelamariposa.com\\\/?product=banquitos-de-meditacion#primaryimage\",\"url\":\"https:\\\/\\\/www.laisladelamariposa.com\\\/wp-content\\\/uploads\\\/2021\\\/12\\\/Bancomeditacionfijologo.jpg\",\"contentUrl\":\"https:\\\/\\\/www.laisladelamariposa.com\\\/wp-content\\\/uploads\\\/2021\\\/12\\\/Bancomeditacionfijologo.jpg\",\"width\":1000,\"height\":666},{\"@type\":\"BreadcrumbList\",\"@id\":\"https:\\\/\\\/www.laisladelamariposa.com\\\/?product=banquitos-de-meditacion#breadcrumb\",\"itemListElement\":[{\"@type\":\"ListItem\",\"position\":1,\"name\":\"Portada\",\"item\":\"https:\\\/\\\/www.laisladelamariposa.com\\\/\"},{\"@type\":\"ListItem\",\"position\":2,\"name\":\"Shop\",\"item\":\"https:\\\/\\\/www.laisladelamariposa.com\\\/?page_id=1712\"},{\"@type\":\"ListItem\",\"position\":3,\"name\":\"Banquitos de meditaci\u00f3n\"}]},{\"@type\":\"WebSite\",\"@id\":\"https:\\\/\\\/www.laisladelamariposa.com\\\/#website\",\"url\":\"https:\\\/\\\/www.laisladelamariposa.com\\\/\",\"name\":\"La Isla de la Mariposa\",\"description\":\"Rinconcito de arte, dise\u00f1o y artesan\u00eda.\",\"publisher\":{\"@id\":\"https:\\\/\\\/www.laisladelamariposa.com\\\/#organization\"},\"potentialAction\":[{\"@type\":\"SearchAction\",\"target\":{\"@type\":\"EntryPoint\",\"urlTemplate\":\"https:\\\/\\\/www.laisladelamariposa.com\\\/?s={search_term_string}\"},\"query-input\":{\"@type\":\"PropertyValueSpecification\",\"valueRequired\":true,\"valueName\":\"search_term_string\"}}],\"inLanguage\":\"es\"},{\"@type\":\"Organization\",\"@id\":\"https:\\\/\\\/www.laisladelamariposa.com\\\/#organization\",\"name\":\"La Isla de la Mariposa\",\"url\":\"https:\\\/\\\/www.laisladelamariposa.com\\\/\",\"logo\":{\"@type\":\"ImageObject\",\"inLanguage\":\"es\",\"@id\":\"https:\\\/\\\/www.laisladelamariposa.com\\\/#\\\/schema\\\/logo\\\/image\\\/\",\"url\":\"https:\\\/\\\/www.laisladelamariposa.com\\\/wp-content\\\/uploads\\\/2021\\\/12\\\/LOGO-FONDO-BLANCO.png\",\"contentUrl\":\"https:\\\/\\\/www.laisladelamariposa.com\\\/wp-content\\\/uploads\\\/2021\\\/12\\\/LOGO-FONDO-BLANCO.png\",\"width\":422,\"height\":422,\"caption\":\"La Isla de la Mariposa\"},\"image\":{\"@id\":\"https:\\\/\\\/www.laisladelamariposa.com\\\/#\\\/schema\\\/logo\\\/image\\\/\"}}]}<\/script>\n<!-- \/ Yoast SEO plugin. -->","yoast_head_json":{"title":"Banquitos de meditaci\u00f3n - La Isla de la Mariposa","robots":{"index":"index","follow":"follow","max-snippet":"max-snippet:-1","max-image-preview":"max-image-preview:large","max-video-preview":"max-video-preview:-1"},"canonical":"https:\/\/www.laisladelamariposa.com\/?product=banquitos-de-meditacion","og_locale":"es_ES","og_type":"article","og_title":"Banquitos de meditaci\u00f3n - La Isla de la Mariposa","og_description":"Banquitos de meditaci\u00f3n de madera, hechos a mano. Ideales para rezar, meditar, o para tener un asiento c\u00f3modo en momentos de reflexi\u00f3n. Tenemos dos posibilidades: Banquito normal: 25\u20ac Banquito plegable: 30\u20ac Tambi\u00e9n podemos decorarlos de manera personalizada. \u00a1S\u00f3lo cu\u00e9ntanos tu idea y la haremos realidad! El precio de los banquitos decorados es: Banquito normal: 30\u20acVer m\u00e1s &#10230;","og_url":"https:\/\/www.laisladelamariposa.com\/?product=banquitos-de-meditacion","og_site_name":"La Isla de la Mariposa","article_modified_time":"2026-04-02T19:00:47+00:00","og_image":[{"width":1000,"height":666,"url":"https:\/\/www.laisladelamariposa.com\/wp-content\/uploads\/2021\/12\/Bancomeditacionfijologo.jpg","type":"image\/jpeg"}],"twitter_card":"summary_large_image","twitter_misc":{"Tiempo de lectura":"1 minuto"},"schema":{"@context":"https:\/\/schema.org","@graph":[{"@type":"WebPage","@id":"https:\/\/www.laisladelamariposa.com\/?product=banquitos-de-meditacion","url":"https:\/\/www.laisladelamariposa.com\/?product=banquitos-de-meditacion","name":"Banquitos de meditaci\u00f3n - La Isla de la Mariposa","isPartOf":{"@id":"https:\/\/www.laisladelamariposa.com\/#website"},"primaryImageOfPage":{"@id":"https:\/\/www.laisladelamariposa.com\/?product=banquitos-de-meditacion#primaryimage"},"image":{"@id":"https:\/\/www.laisladelamariposa.com\/?product=banquitos-de-meditacion#primaryimage"},"thumbnailUrl":"https:\/\/www.laisladelamariposa.com\/wp-content\/uploads\/2021\/12\/Bancomeditacionfijologo.jpg","datePublished":"2021-12-04T11:21:43+00:00","dateModified":"2026-04-02T19:00:47+00:00","breadcrumb":{"@id":"https:\/\/www.laisladelamariposa.com\/?product=banquitos-de-meditacion#breadcrumb"},"inLanguage":"es","potentialAction":[{"@type":"ReadAction","target":["https:\/\/www.laisladelamariposa.com\/?product=banquitos-de-meditacion"]}]},{"@type":"ImageObject","inLanguage":"es","@id":"https:\/\/www.laisladelamariposa.com\/?product=banquitos-de-meditacion#primaryimage","url":"https:\/\/www.laisladelamariposa.com\/wp-content\/uploads\/2021\/12\/Bancomeditacionfijologo.jpg","contentUrl":"https:\/\/www.laisladelamariposa.com\/wp-content\/uploads\/2021\/12\/Bancomeditacionfijologo.jpg","width":1000,"height":666},{"@type":"BreadcrumbList","@id":"https:\/\/www.laisladelamariposa.com\/?product=banquitos-de-meditacion#breadcrumb","itemListElement":[{"@type":"ListItem","position":1,"name":"Portada","item":"https:\/\/www.laisladelamariposa.com\/"},{"@type":"ListItem","position":2,"name":"Shop","item":"https:\/\/www.laisladelamariposa.com\/?page_id=1712"},{"@type":"ListItem","position":3,"name":"Banquitos de meditaci\u00f3n"}]},{"@type":"WebSite","@id":"https:\/\/www.laisladelamariposa.com\/#website","url":"https:\/\/www.laisladelamariposa.com\/","name":"La Isla de la Mariposa","description":"Rinconcito de arte, dise\u00f1o y artesan\u00eda.","publisher":{"@id":"https:\/\/www.laisladelamariposa.com\/#organization"},"potentialAction":[{"@type":"SearchAction","target":{"@type":"EntryPoint","urlTemplate":"https:\/\/www.laisladelamariposa.com\/?s={search_term_string}"},"query-input":{"@type":"PropertyValueSpecification","valueRequired":true,"valueName":"search_term_string"}}],"inLanguage":"es"},{"@type":"Organization","@id":"https:\/\/www.laisladelamariposa.com\/#organization","name":"La Isla de la Mariposa","url":"https:\/\/www.laisladelamariposa.com\/","logo":{"@type":"ImageObject","inLanguage":"es","@id":"https:\/\/www.laisladelamariposa.com\/#\/schema\/logo\/image\/","url":"https:\/\/www.laisladelamariposa.com\/wp-content\/uploads\/2021\/12\/LOGO-FONDO-BLANCO.png","contentUrl":"https:\/\/www.laisladelamariposa.com\/wp-content\/uploads\/2021\/12\/LOGO-FONDO-BLANCO.png","width":422,"height":422,"caption":"La Isla de la Mariposa"},"image":{"@id":"https:\/\/www.laisladelamariposa.com\/#\/schema\/logo\/image\/"}}]}},"_links":{"self":[{"href":"https:\/\/www.laisladelamariposa.com\/index.php?rest_route=\/wp\/v2\/product\/9148","targetHints":{"allow":["GET"]}}],"collection":[{"href":"https:\/\/www.laisladelamariposa.com\/index.php?rest_route=\/wp\/v2\/product"}],"about":[{"href":"https:\/\/www.laisladelamariposa.com\/index.php?rest_route=\/wp\/v2\/types\/product"}],"replies":[{"embeddable":true,"href":"https:\/\/www.laisladelamariposa.com\/index.php?rest_route=%2Fwp%2Fv2%2Fcomments&post=9148"}],"wp:featuredmedia":[{"embeddable":true,"href":"https:\/\/www.laisladelamariposa.com\/index.php?rest_route=\/wp\/v2\/media\/9285"}],"wp:attachment":[{"href":"https:\/\/www.laisladelamariposa.com\/index.php?rest_route=%2Fwp%2Fv2%2Fmedia&parent=9148"}],"wp:term":[{"taxonomy":"product_brand","embeddable":true,"href":"https:\/\/www.laisladelamariposa.com\/index.php?rest_route=%2Fwp%2Fv2%2Fproduct_brand&post=9148"},{"taxonomy":"product_cat","embeddable":true,"href":"https:\/\/www.laisladelamariposa.com\/index.php?rest_route=%2Fwp%2Fv2%2Fproduct_cat&post=9148"},{"taxonomy":"product_tag","embeddable":true,"href":"https:\/\/www.laisladelamariposa.com\/index.php?rest_route=%2Fwp%2Fv2%2Fproduct_tag&post=9148"}],"curies":[{"name":"wp","href":"https:\/\/api.w.org\/{rel}","templated":true}]}}